rime factors of o*(-8)/(-12) + 32.
2, 17
Let c(q) = 2*q**2 - 6*q. List the prime factors of c(8).
2, 5
What are the prime factors of -18*-4*(-1)/(-6)?
2, 3
Let s(v) = v - 14. Let b be s(0). Let n = b - -33. List the prime factors of n.
19
Let u(a) = a**2 - 2*a - 5. Let w(o) = -2*o**2 + o + 4. Let d(b) = -4*u(b) - 5*w(b). Let f be d(-2). Let i = f + -10. What are the prime factors of i?
2
Let f = 554 - 383. List the prime factors of f.
3, 19
What are the prime factors of 2/(-7) - 1292/(-14)?
2, 23
What are the prime factors of (2 - (-1)/(-1))*132?
2, 3, 11
Suppose 48 = -0*a + 2*a. List the prime factors of a.
2, 3
Let y be -2 - (3 + -8 + -1). What are the prime factors of (33/y)/(2/8)?
3, 11
Let s = 4 + -3. Let l be 5/(2/2*s). Suppose 0 = -4*z + l*z - 13. List the prime factors of z.
13
Let n = 84 - -42. What are the prime factors of n?
2, 3, 7
Suppose 4 = 3*r - 5. Suppose 2 + 1 = y. Suppose 0*o - r*o - y*b + 12 = 0, 3*o - 2*b = 27. What are the prime factors of o?
7
Suppose 0*y - 123 = 3*y. Let d = -4 - y. Suppose -4*l + d = -7. List the prime factors of l.
11
Let h(x) = 145*x + 10. What are the prime factors of h(2)?
2, 3, 5
Suppose -2 = -2*y + 2. Suppose 3*w - 36 = -3*v, -v - y*v - 12 = -3*w. Suppose a + a = w. What are the prime factors of a?
2
Suppose -3*w + 4*o + 23 = 0, -w + 4*o = -0 - 13. Suppose -w*t + 2*t + 42 = 0. Suppose -61 - t = -5*a. List the prime factors of a.
3, 5
Suppose -2*f + 6*f + 24 = 0. Let j(u) = u**2 + 3*u - 8. List the prime factors of j(f).
2, 5
Let a(m) be the first derivative of -2 - 4*m - 5/2*m**2. What are the prime factors of a(-3)?
11
Suppose 0*u = 4*u - 48. Suppose 3*r - 3*z + u = 0, -3*r - 5 = -2*r - 2*z. What are the prime factors of 26/3*r/(-2)?
13
Suppose 0 = f - 6*f + 55. Suppose -3*h + 19 = -2*g, 0 = g - 3*g - 3*h + 11. Let v = f - g. List the prime factors of v.
13
Let j = -242 + 365. Suppose 10*i - 7*i = j. List the prime factors of i.
41
Let o be ((-9)/(-6))/((-6)/(-20)). Suppose 0 = o*x - 4*x - 4. Suppose 0*z - 3*a + 25 = x*z, -5*z + 29 = 3*a. What are the prime factors of z?
2
List the prime factors of 12/(-8) + 1 + 149/2.
2, 37
Let y(u) = -2*u - 16. Let s(w) = w**3 - 11*w**2 - w - 2. Let i be s(11). What are the prime factors of y(i)?
2, 5
Suppose -t + 36 = 3*c, -4*c + 0*c - 5*t + 37 = 0. Let u be 10/2 - (-2)/(-2). What are the prime factors of u/(-16) - c/(-4)?
3
Let x = 91 - 53. What are the prime factors of x?
2, 19
Suppose 23 = f - 5*c, 0 = f + f + 5*c - 46. Suppose 10*w = 11*w - f. What are the prime factors of w?
23
Suppose -6 = -3*u, -6*q + q - 4*u = -48. Suppose -4*f + 0*f + q = 0. Suppose 2*m + f = g, -8 = -4*g - 3*m - m. What are the prime factors of g?
2
Suppose 2 = l - 1. Suppose -15 = 3*f, -f + l*f = -3*n + 56. What are the prime factors of n?
2, 11
Let z = 18 + -14. What are the prime factors of z?
2
Let f(j) = 8*j - 6. Let t be f(4). Let i = 19 - 35. Let c = i + t. List the prime factors of c.
2, 5
What are the prime factors of 96/7 + (-38)/(-133)?
2, 7
Suppose -90*q = -93*q + 1317. List the prime factors of q.
439
Let p = 46 - 28. Let i be 15/2*132/p. Suppose -n = l - 0*n - 20, 3*l - i = -2*n. What are the prime factors of l?
3, 5
Suppose 2*s + 48 = -s. Let c be (4 + -2)*-1 - s. Suppose c - 4 = 5*j. List the prime factors of j.
2
Let z be 4/(-10) - 157/(-5). Let x be 0 + 4 - (-4 - -4). Suppose z - 7 = x*l. List the prime factors of l.
2, 3
Let b be (-174)/15 - (-4)/(-10). Let m = 6 + b. Let v(x) = x**2 + 4*x + 7. List the prime factors of v(m).
19
Suppose 2*x - 28 = 4*l, -40 = -5*x + 3*l + l. Let a(b) = 2*b**2 - 7*b + 5. What are the prime factors of a(x)?
3
Suppose -3*y + 2*y + 1 = 0. Let w be (-2 + 2/y)*-1. Suppose -4*n = -3*p - 55, -p = -w + 5. What are the prime factors of n?
2, 5
Suppose 4*b - 2*c - 171 = c, 0 = -3*b - 4*c + 147. List the prime factors of b.
3, 5
List the prime factors of (108/(-10))/((-40)/300).
3
Suppose -g + 119 = 3*f, 0*f = -4*f - 2*g + 162. What are the prime factors of f?
2, 19
Suppose 2*l - 185 = -3*l. What are the prime factors of l?
37
Let r be 13 + 4/(-8)*6. List the prime factors of ((-24)/r)/(15/(-50)).
2
Suppose 4*n + 2*m - m = 178, -2*n + 5*m + 100 = 0. List the prime factors of n.
3, 5
Let n(t) = 23*t**3 + t - 1. Let w be n(1). Let j = 33 - w. List the prime factors of j.
2, 5
Suppose 21 - 25 = -f, -3*n + 881 = 5*f. List the prime factors of n.
7, 41
Suppose 5*o = 5*n + 130, 4*o - 3*o - 3*n - 18 = 0. Let d = -16 + o. List the prime factors of d.
2, 7
Let o be (-1)/((-2)/(-2 - -20)). Let c(q) = q - 1 + o*q - 2*q. What are the prime factors of c(1)?
7
Let i(g) = -2*g - 1. Let r be 28/(-16) - 2/8. Let h be i(r). Suppose 44 - 6 = h*n - 5*f, 13 = n - 2*f. What are the prime factors of n?
11
Let g = -31 - -72. What are the prime factors of g?
41
Let d(n) be the third derivative of -n**4/4 - n**3/2 - 2*n**2. List the prime factors of d(-3).
3, 5
Let w(l) = l - 3. Let a be w(3). List the prime factors of 17*1*(1 - a).
17
Let o = 45 - 53. Let k(a) be the second derivative of -a**4/12 - 7*a**3/6 + 11*a**2/2 - a. What are the prime factors of k(o)?
3
Suppose -136 - 84 = -2*o. List the prime factors of o.
2, 5, 11
Suppose -109 = 4*y - 329. Suppose 3*d - y = 2. List the prime factors of d.
19
List the prime factors of (54/21)/((10/455)/2).
2, 3, 13
Suppose 0 = -4*p + 266 + 110. What are the prime factors of p?
2, 47
Let v be (9/(-4))/(3/(-8)). Let g be 2 + (-2 - (-2 - 1)). List the prime factors of 22/g + (-2)/v.
7
Let x = 2 - 3. Suppose -29 + 7 = -2*b - 5*p, 7 = -5*b + 3*p. List the prime factors of b - x/(2/18).
2, 5
Let g = -933 + 1321. What are the prime factors of g?
2, 97
Let v(j) = 2*j + 13. Let c be v(0). Suppose 10*z = c*z - 141. List the prime factors of z.
47
Let s = 1 + 1. Suppose 0 = -5*f - 3 - 12. What are the prime factors of 14/((-3)/f) + s?
2
Let p(q) = -2*q**2 + q + 51. Let m = -11 - -11. List the prime factors of p(m).
3, 17
Let c(i) be the third derivative of i**6/120 + 2*i**5/15 - i**3/6 + i**2. Let l be c(-8). Let m = 3 + l. What are the prime factors of m?
2
Let u(b) = -b + 10. Let w be u(10). Suppose 0 = -2*n - n + 9. Suppose w = -2*m + n*m - 10. What are the prime factors of m?
2, 5
Suppose -6*z = -546 + 150. List the prime factors of z.
2, 3, 11
Let b = 44 + 10. List the prime factors of b.
2, 3
What are the prime factors of (-2)/(-3) + 26/6?
5
Let c(y) = -y**2 - 6*y + 3. List the prime factors of c(-3).
2, 3
Suppose -37*n = -42*n + 385. What are the prime factors of n?
7, 11
Let f = 0 - -3. Suppose 36 = j - y - 3*y, 0 = -f*y - 12. Suppose -2*b - 19 = -5*r, j = -4*r - 4*b + 52. List the prime factors of r.
5
Let i be 1/((-3)/12) - -1. Let q be (-6 + 1)*i/5. Let j(v) = v + 1. What are the prime factors of j(q)?
2
Let u(h) = -2*h + 3. Let w(q) = -q + 4. Let j(r) = -5*u(r) + 4*w(r). Let f be j(6). Suppose -28 = -5*k + f. What are the prime factors of k?
13
Let v(i) = -i + 1. Let j be v(-5). Suppose -5 + 1 = -2*f. Suppose 2*m - 14 = 2*d, d - j = -f*m + 5. What are the prime factors of m?
2, 3
Let y(v) = -v**2 + v + 6. Let o be y(3). Suppose -16 = -d - 3*d. Suppose 36 = 4*r - o*r - 5*w, 0 = d*r + 5*w - 36. List the prime factors of r.
3
Suppose 0 = 3*w - 5*k - 217, -w - 5*k = -3*w + 143. Suppose -3*t - 2*l + 0*l - 40 = 0, -5*t + 4*l = w. Let q = 25 + t. List the prime factors of q.
11
Let y = 33 - 13. What are the prime factors of y?
2, 5
Suppose -125 = -3*m - 4*w - w, 3*m = -4*w + 121. List the prime factors of m.
5, 7
Let v(m) = 6*m**2 + 5*m - m + 5 + 9*m**3 - 8*m**3. List the prime factors of v(-3).
2, 5
Let o(m) = 5*m**2 - 10*m + 6. List the prime factors of o(4).
2, 23
Let k(w) be the third derivative of w**5/60 - w**4/24 + 2*w**2. Let t(q) = q**3 - 12*q**2 + 7*q. Let i(o) = 6*k(o) + t(o). List the prime factors of i(6).
2, 3
Let d = -5 - -7. Suppose -y = 4*g - 27, -2*g = d*y + g - 29. List the prime factors of y.
7
Suppose 4*y - 5*s = 512, 3*y + 4*s - 183 = 232. What are the prime factors of y?
7, 19
Let o be 18/90 + 62/(-10). List the prime factors of (-190)/o - (-1)/3.
2
Let l = 75 + 68. What are the prime factors of l?
11, 13
Let t = -168 - -290. List the prime factors of t.
2, 61
Let d(i) = -6*i - 3*i + 4*i. Let x be d(-1). Suppose -x*a + 20 = -a. What are the prime factors of a?
5
Suppose 3*o + 6 = 120. Suppose -4*f + o = 